highest common factor of f and z.
10
Let t be 10*(4 - (0 + 2)). Let h be 18/(-10) + (-4)/t. Let a(j) = -24*j - 6. Let u be a(h). Calculate the greatest common divisor of u and 21.
21
Suppose -5*b - 2265 = -5*q, -3*q - 2*b = -1883 + 539. Let i be (3 - -49)*(q/(-24))/(-5). Calculate the highest common factor of 65 and i.
65
Suppose -4*j - 35 = -4*b - 7*j, -j = -1. Suppose 5067 = -27*l + 477. Let u = l + 172. Calculate the greatest common divisor of b and u.
2
Let z(k) = -4*k + 40. Let a be z(0). Let g be -2 + 0 - -5 - a/(-8). What is the highest common divisor of 3 and g?
1
Let z(y) = 680*y - 21243. Let o be z(33). Let x = -93 + 156. What is the highest common factor of o and x?
63
Suppose 15 = 6*k - k - 5*f, 0 = -2*k + f + 9. What is the highest common factor of k and 174?
6
Let a = 103 + 95. Let u = 43210 + -43122. What is the highest common factor of u and a?
22
Suppose r = -5*f + 95103, -14*r = -2*f - 15*r + 38040. Calculate the greatest common divisor of f and 23.
23
Suppose -491 = 2*m + 3*m - v, -193 = 2*m + 3*v. Let o be 9 - 464*11/(-22). Let s = o + m. What is the greatest common factor of s and 13?
13
Suppose 4 = -5*u - 2*y + 33, -12 = 4*y. Let k be 42/98 - 31/u. Let d be 28/k*(-120)/28. Calculate the highest common factor of d and 210.
30
Let n be -1*20*(-6 + 12/3). Let p be (-120)/(-18)*3/2. What is the greatest common divisor of p and n?
10
Let s(m) = 288*m**2 + 3*m + 3. Let f be s(-1). Calculate the highest common factor of 12456 and f.
72
Suppose -18*g = -3*c - 13*g + 163, 0 = -c - 2*g + 47. Calculate the greatest common divisor of c and 119.
17
Let m be 56/4*6240/560. What is the greatest common factor of m and 96?
12
Suppose -3*y - 5*y + 184 = 0. Let i(s) = -3*s + 5. Let z be i(0). Suppose u = z*u - 828. Calculate the highest common divisor of u and y.
23
Let q = 149 - 74. Suppose 3*s = -2 - 7, 144 = 5*v + 2*s. What is the highest common factor of v and q?
15
Let y be 98/21 - (-10)/(-15). Suppose 65 = 4*r + 3*t, -8*t + y*t = 2*r - 20. What is the highest common divisor of 5 and r?
5
Suppose -16*m + 20306 - 8304 = -5790. Calculate the highest common divisor of m and 24.
8
Let a(h) = -h**3 + 54*h**2 + 162*h + 519. Let p be a(57). Suppose -15 = 5*z, 18 = -3*d + z + 165. Calculate the highest common factor of d and p.
6
Let w = -380 - -829. Let l = -427 + w. Calculate the greatest common factor of l and 506.
22
Suppose 2*h + 4*p - 243 = -71, -4*h - p + 358 = 0. Calculate the highest common factor of h and 666.
18
Let t be (-3 + 10262/(-10))/(16/(-80)). Calculate the greatest common divisor of 62 and t.
62
Let r = -309 + 589. Let f(u) = 8*u**3 - 34*u**2 - 10*u + 12. Let o be f(5). Calculate the greatest common divisor of r and o.
56
Suppose -2*d + 338 = 13*f, 4*d - 722 = 35*f - 38*f. What is the highest common divisor of d and 62?
2
Suppose -2*g + 2*w - 10 = 24, -2*g + 4*w - 26 = 0. Let a be 1*-1 + -13*(-4 + g). What is the greatest common divisor of 24 and a?
12
Let v = -215 + 218. Suppose -v*p = -2*p - 8. Calculate the greatest common divisor of p and 16.
8
Suppose 0 = -13*z + 43434 - 7359. What is the greatest common divisor of z and 15?
15
Let h(c) = 15 - 13*c**2 + 14*c - 30 - c**3 + 24. Let x be h(-14). Suppose -2*o - x = -15. What is the highest common factor of 24 and o?
3
Let h(l) = l**3 + 17*l**2 - 18*l + 25. Let i be h(-18). Let m(t) = -7*t - 5. Let q be m(-4). Let j = q + i. What is the highest common factor of j and 6?
6
Let l = -8145 - -16680. What is the greatest common divisor of 15 and l?
15
Let g = -56 - -24. Let d = g + 35. Suppose -5*x + 57 = p - 15, 3*x - 48 = -d*p. What is the greatest common divisor of x and 182?
14
Let v be 19/95 - 28/(-10). Let i be (-4)/1*(-3)/(v/5). Suppose -5*a = -x + i, -2*a - 3 = -13. What is the greatest common factor of x and 15?
15
Let d be (3 - 110/30)/(6/(-86733)). What is the highest common factor of d and 92?
23
Suppose -119*y = -128*y + 1818. Suppose 0 = 10*h - y - 118. Calculate the highest common factor of 32 and h.
32
Let l be 1/(-3)*(10 - 6 - -1 - 89). What is the highest common divisor of 70 and l?
14
Let l(y) = 21*y**3 - 6*y**2 - 9*y + 54. Let c be l(3). Calculate the greatest common factor of 220 and c.
20
Suppose 10674 + 101616 = 907*q - 238719. Suppose -211 = -5*w + 2*i, 2*w + 4*i - 96 = -i. Calculate the greatest common factor of w and q.
43
Suppose 41*n - 5885 = 9285. What is the highest common factor of 30 and n?
10
Suppose -74*c - 55*c + 7224 = 0. What is the greatest common factor of 7238 and c?
14
Suppose -8*x - x = -162. Let l = x + -16. Let a be (-266)/(-35) + 2/5. Calculate the highest common factor of l and a.
2
Let a be (-1)/(-5) + 234/30. Suppose -d + 4 = 2. Suppose -2*k + 5*q = -33, -d*q + 0*q = 2*k - 54. Calculate the highest common divisor of a and k.
8
Let x = -3694 + 3805. What is the greatest common divisor of x and 45?
3
Let w be ((-188)/(-8))/((-3)/((-36)/3)) - -1. What is the highest common divisor of 323 and w?
19
Suppose -62*j + 61*j = 3. Let w be j + (-5)/(10/(-24)). Calculate the highest common factor of w and 1.
1
Suppose -1326*u + 695*u = -656*u + 4750. Calculate the greatest common divisor of 494 and u.
38
Suppose -4*h = -3*n + 2137, -5*n = 33*h - 29*h - 3583. What is the highest common factor of 1320 and n?
55
Suppose n - 5 = 0, -4*q + 6*q = 5*n + 175. What is the highest common divisor of q and 660?
20
Suppose -8*h + 4*h + 28 = 0. Let b be (-2 + 1 + h)/(4/(-34)). Let i = -47 - b. Calculate the highest common divisor of 1 and i.
1
Suppose -b - 55*t = -56*t - 221, t + 2 = 0. Let r = b + -181. What is the highest common divisor of 342 and r?
38
Let d = 21769 - 21205. Calculate the greatest common factor of 282 and d.
282
Let x(u) = u + 11. Let d be x(-9). Let q = -23 - -26. Suppose -d + q = a, -3*a = -5*j + 537. What is the highest common factor of j and 12?
12
Let o be 3133/482 + (-6)/4. Calculate the greatest common divisor of 59 and o.
1
Let c(t) be the third derivative of t**4/24 - 2*t**3/3 - t**2. Suppose -26*w - 20*w = -368. Let s be c(w). What is the highest common factor of 36 and s?
4
Let j = -216 - -236. Let b be j*(6 + (-15)/10). Calculate the greatest common divisor of b and 18.
18
Suppose -5*j = 4*v - 0*j - 2650, 0 = -3*v + 3*j + 1974. Let y = 62137 + -62093. What is the highest common divisor of y and v?
44
Let s = -155 - -174. Let b be (-76)/(-722) + 245/s. Calculate the highest common divisor of 2 and b.
1
Let i = -116619 + 116679. Let d be 10/(-2)*2/(-5). What is the greatest common factor of d and i?
2
Let l(j) = -46*j**3 - 3*j**2 + 2. Let s be l(-1). Let u be -7 + 13 - (-1 - 23). Calculate the greatest common divisor of u and s.
15
Let u = 3971 - 3939. Calculate the greatest common divisor of u and 6.
2
Let r = -1111 - -1349. What is the greatest common factor of r and 175?
7
Let b = 5 + 49. Let t = -23 + b. Let y = 56 - t. Calculate the greatest common factor of 25 and y.
25
Suppose y = b - 103, 0 = 2*y + 2*b + 68 + 146. Let k be 964/8 + (y/(-14))/(-15). Calculate the highest common factor of 12 and k.
12
Let l = -229 + 247. Let x(z) = z**3 - 21*z**2 + 59*z + 60. Let i be x(l). What is the highest common divisor of i and 6?
6
Let h(x) = -6*x**3 - 4*x**2 + x + 7. Let v be h(-4). Suppose 969 = 2*q + v. Calculate the greatest common factor of q and 19.
19
Suppose 196*g - 180*g - 320 = 0. Calculate the highest common divisor of g and 26.
2
Suppose -5*o - 38 = -73. Suppose -24 = o*s - 87. Suppose -2*c + 48 = 2*c - 5*m, 0 = -c - 4*m - s. Calculate the greatest common divisor of 7 and c.
7
Suppose 35 = r - 2*l, 0 = -r + 4*l - 6*l + 31. Calculate the greatest common factor of r and 2871.
33
Suppose -5*u + 38019 = 3*p, -3*u = -2*p - 27657 + 4819. What is the greatest common divisor of u and 24?
24
Let u(f) = -12*f**2 + 48*f + 12. Let p(q) = 6*q**2 - 25*q - 7. Let k(l) = -7*p(l) - 4*u(l). Let o be k(3). What is the highest common divisor of 22 and o?
2
Let n = 68622 + -36224. Calculate the highest common divisor of 194 and n.
194
Suppose -490 = 29*u - 43*u. Let t be (-1)/(-2) + 36/24. Suppose -t = -4*o + 18. Calculate the greatest common divisor of u and o.
5
Let z = -3097 + 3127. What is the highest common factor of 960 and z?
30
Let l(h) = -262*h + 1872. Let n be l(7). Calculate the greatest common factor of n and 1349.
19
Suppos